is the units digit of u(-5)?
3
Suppose 3*v - 75 = -15. What is the tens digit of ((-72)/v)/(1/(-5))?
1
What is the units digit of 273/5 - (-2)/5?
5
Let u = -17 - -23. Suppose 7 = 2*d + 3*f, u = -5*d - 5*f + 36. What is the units digit of d?
1
Let d(o) be the second derivative of -o**4/12 + 5*o**3/3 - 4*o**2 + 2*o. Let t = -6 - -14. What is the units digit of d(t)?
8
Let i(d) = 16*d**2 + 2*d - 1. Let a be i(1). Let r = -2 + a. What is the tens digit of r?
1
Suppose n - 5*n = -8. Suppose 0 = n*h - 2 - 16. What is the units digit of h?
9
Suppose -2*z + 7 = -s - 7*z, 0 = 3*z + 9. Let c(r) = 2*r + 1. What is the tens digit of c(s)?
1
Let a(m) = -m**3 - m**2 + 3*m - 1. Let q(v) = v**3 - 5*v**2 - 4*v - 6. Let x be q(6). Let h(g) = -g + 3. Let k be h(x). What is the units digit of a(k)?
8
Let g(p) be the third derivative of p**5/60 - p**4/24 - 2*p**3/3 + 2*p**2. Let r be g(3). What is the tens digit of ((-65)/(-15))/(r/6)?
1
Suppose 5*d + 41 - 6 = 0. Let c(q) = q + 23. Let h be c(0). Let v = d + h. What is the units digit of v?
6
Let i = 60 - 111. What is the units digit of (i*(-6)/9)/1?
4
Suppose -v + 141 + 43 = 5*m, -m - 1024 = -5*v. What is the hundreds digit of v?
2
Suppose 0 = -8*q + 3*q + 40. What is the units digit of q?
8
Let m = -1 + 4. What is the units digit of m?
3
Suppose 4*z - 3*q - 5 = 0, 2*q - 1 = 1. Suppose v - 6*v = -4*p + 7, 2*v + z = 2*p. What is the units digit of v/(-18) + (-17)/(-6)?
3
Let l = 107 + -50. Let w = l - 36. Suppose -r - r = 5*o - 23, -2*r - 3*o = -w. What is the units digit of r?
9
Let i be (-10)/(-6) + (-2)/(-6). Suppose 2*n - 56 = -20. Suppose 3*b + 13 = d, i*d - n = 3*b + b. What is the units digit of d?
1
Let r(v) = -v**3 + 6*v**2 + v + 6. Let o be r(6). Suppose 2*i + 5 = d + o, 2*i - 22 = 2*d. Let w = -8 - d. What is the units digit of w?
7
Suppose 4*i + 4 = -5*p + 55, -75 = -5*i + 5*p. What is the units digit of i?
4
What is the tens digit of 205 + -4 - (2 + 0)?
9
Suppose 8*b + 19 = 339. What is the units digit of b?
0
Let g(y) = 8*y**3 - 2*y**2 - y + 2. Let h be g(-2). Let x = h - -34. Let c = x + 49. What is the units digit of c?
5
What is the tens digit of 7*4 + 21/(-7)?
2
What is the tens digit of 2 + -2 + 72/3?
2
Let z = 8 - 4. Let n(a) = -1 + 3*a**2 + z*a**3 + 3 - 3*a**3. What is the units digit of n(-2)?
6
Suppose -2*v - 3*a - 15 = -v, 0 = -5*v - 5*a - 45. What is the units digit of (-9)/6*v/9?
1
Suppose -2*i = 3*i - 90. What is the units digit of i?
8
Suppose 5*v - 68 = 4*v. What is the units digit of v/24 + 1/6?
3
Suppose x - 113 = -39. What is the tens digit of x?
7
Let n(t) = -3*t - 1 - 5*t**2 + 4*t**2 + 4. Let j = 8 + -11. What is the units digit of n(j)?
3
Suppose 0 = -2*m + 39 + 7. What is the units digit of m?
3
Suppose 0 = 3*g - 26 - 19. Let f = -8 + g. What is the units digit of f?
7
Suppose 0*w + 3*c - 272 = -2*w, -4*c + 540 = 4*w. What is the hundreds digit of w?
1
Let y be (3 - (2 + -3)) + 2. Let k(j) = 1 + 2*j**2 + j + 6*j - 3*j**2. What is the units digit of k(y)?
7
Let c(y) = -7*y - 1. Let m be 1/3 + (-122)/6. Let u be (-1)/(-2) + m/8. What is the units digit of c(u)?
3
Suppose 0 = 3*l - 157 + 34. What is the units digit of l?
1
Let i be (-1)/(-2 + 5/3). Suppose 4*r = -4*u - r + 5, -r = i. What is the units digit of u?
5
Let d = 97 - 35. Let f = -41 + d. What is the tens digit of f?
2
Suppose 0 = 13*z - 15*z + 10. What is the units digit of z?
5
Suppose 5*c + 2*d = 74, -3*c + 17 = -2*d - 37. What is the units digit of c?
6
Suppose 4*x - 30 = -x. Let a(g) = -x*g - g**2 + 2*g + 3*g**2 + 1 + 2*g. What is the tens digit of a(3)?
1
Let r(u) = -u - 5. Let i be r(-5). Suppose i*z = 5*z - 85. What is the units digit of z?
7
Let x be (-4)/(-6) + 8/6. Suppose h - 1 = 0, 0 = -3*a + 3*h - x*h + 2. Let n = 2 - a. What is the units digit of n?
1
Suppose 5*r - 613 = 47. What is the units digit of r?
2
Let n be (28/(-10))/(6/60). Let h = 0 - n. What is the units digit of h?
8
Let h(d) = 43*d - 22*d - 1 - 18*d + 5. Let t(b) = b + 6. Let p be t(-3). What is the units digit of h(p)?
3
Suppose 7 = 2*f - 1. Suppose -f = -2*o + 8. What is the units digit of o?
6
Suppose 2*q + 0*q + g = 0, -4 = -4*q - g. Suppose 3 + 11 = q*t. What is the units digit of t?
7
Let v = 18 - 13. Suppose -5 - v = -5*x. Let d = 13 + x. What is the tens digit of d?
1
Let i(s) = -6*s**3 - s**2 - s + 1. What is the tens digit of i(-2)?
4
Suppose 1 + 2 = p. Suppose 0 = r + 2*u - 28, -r + 0*u + p = -3*u. Let x = r - 7. What is the tens digit of x?
1
Let g(w) be the third derivative of w**5/120 + w**4/4 - w**3/3 + w**2. Let z(v) be the first derivative of g(v). What is the units digit of z(-5)?
1
What is the units digit of (-5)/((-135)/2532) + 6/27?
4
Let j(z) = 5*z**2 - z - 1. Let g(b) = -b + 1. Let h be g(2). What is the units digit of j(h)?
5
Let v(x) = x**3 - x**2 - 12*x - 3. What is the tens digit of v(6)?
0
Suppose -4 + 5 = 2*l - 5*f, -3*l + 5 = -4*f. Suppose 5*t - 2*m - 20 = 0, l + 2 = -m. What is the units digit of t?
2
Let s = 40 - 28. Suppose 3*l + 4*p - 18 = 3*p, -2*l = -3*p - s. Suppose -l = -m - m. What is the units digit of m?
3
Suppose -6 = -9*b + 8*b. Let k(v) = v**3 + 5*v**2 - 8*v - 7. Let r be k(-6). Let t = b - r. What is the units digit of t?
1
Suppose -2*i + 5*c + 143 = 2*i, -3*c + 151 = 4*i. Suppose 39 = 4*h - i. What is the units digit of h?
9
Suppose 0 = -5*w + 4 - 59. Let b = 16 + w. What is the tens digit of -5 + b - 16/(-1)?
1
Let r = -90 - -154. What is the tens digit of r?
6
Let f(w) be the third derivative of w**6/120 + 2*w**5/15 + w**4/4 - w**3/3 - 4*w**2. Suppose -21 = m + 2*m. What is the units digit of f(m)?
5
Suppose -4*h - 5*j + 308 = -h, -5*h + 464 = -4*j. What is the units digit of h?
6
Let r(f) = 2*f**3 + 2*f**2 + f + 1. Suppose -3 = 2*a + 1. Let z be r(a). Let o(k) = -k**3 - 8*k**2 + 8*k. What is the units digit of o(z)?
9
Let f(m) = -9*m - 6. What is the tens digit of f(-3)?
2
Suppose 196 = 4*l - 0*l + 4*u, 2*u = -3*l + 142. Suppose 132 = -4*g + l. What is the units digit of 3/(-15) + g/(-10)?
2
Let d = 12 + -10. Suppose -3*r - 5*n + n = -86, -d*n - 56 = -3*r. What is the units digit of r?
2
What is the tens digit of 2*((-252)/(-8) + 4)?
7
Let q = 22 + -16. Let x be (-4)/6 + q/(-18). What is the units digit of (2 - 10)*x - 1?
7
Let n(j) = j**3 + 7*j**2 + 2*j + 9. What is the units digit of n(-6)?
3
Let s = -13 + 31. Let n = 6 + s. What is the units digit of n?
4
Suppose -4*f + 11 = -5*h, -21 + 2 = -3*h - 4*f. Suppose h = c - 2. What is the units digit of c?
3
What is the units digit of (-1)/(-2) + 201/2?
1
Let m = -24 + 34. What is the units digit of (-2 - 0)/(m/(-105))?
1
Let k = -26 - -44. Suppose h = -0 + 2. Suppose 5*b = h*b + k. What is the units digit of b?
6
Suppose 4*h = -4*h + 824. What is the units digit of h?
3
Suppose 5*r - 35 + 0 = 0. Suppose -r*l = -2*l - 80. What is the units digit of l?
6
Let q = -10 + 18. Suppose 3*b = 5*b - q. Suppose 0 = -h - b, -2*h - 13 - 35 = -4*o. What is the units digit of o?
0
Suppose 4*l + 1 = -2*k - 1, 4*l = 3*k + 13. Let m(q) = q**2 + 4*q + 3. Let x be m(k). Suppose x = -5*t + 58 - 18. What is the units digit of t?
8
Let k(q) = -3*q**2 - q**2 - 14*q + 3*q**2 + q - 5. What is the tens digit of k(-11)?
1
Let n(k) = k**2 - 10*k - 18. Let x(p) = p**2 - 9*p - 18. Let z(r) = 3*n(r) - 2*x(r). What is the units digit of z(14)?
0
Suppose 0*w = w. Let h(s) = s**3 - 2*s**2 - 3*s + 1. Let y be h(3). What is the units digit of (w - y)/((-3)/9)?
3
Let f be (-1 - 1)*(-2 - -1). Suppose -f*n + 36 = n. What is the units digit of n?
2
Suppose -2*k - 58 = -2*j - 8, 2*k = 5*j - 35. What is the tens digit of 1/(-6) + (-605)/k?
2
Let s = 3 - 4. Let b = s + 8. What is the units digit of b?
7
Suppose m - 5*m = 2*q - 30, 4*q + 4 = 0. What is the tens digit of 30/(-8)*m/(-2)?
1
Let x be 34*3/(-12)*-2. Let l = x - 3. What is the units digit of l?
4
Let a(q) = 5*q**2 - 6*q. Let w(f) = -10*f**2 + 11*f. Let k(h) = -5*a(h) - 3*w(h). Let m be k(3). Suppose -g - 2*g = -m. What is the tens digit of g?
1
Let l(y) = -y**2 - y - 4. Let w(v) = -v**2 - 4. Let h(c) = 5*l(c) - 4*w(c). Let m be h(-3). What is the units digit of 2*1/m + 1?
2
Suppose 3*k - 16*k + 1612 = 0. What is the tens digit of k?
2
Let q be -1*2/(-2) + -46. Let f = q - -66. What is the tens digit of f?
2
What is the tens d